5*r**2. Determine l(-5).
-14
Suppose -4*r = -2*r - 144. Let t be (r/60)/(2/(-10)). Let z(v) = v**3 + 6*v**2 + v + 1. Give z(t).
-5
Let g be 3 + -2 - (-8)/(-8). Let u(p) = p**3 + p. Give u(g).
0
Let f be (-1)/4 - 13/(-4). Let o(p) = -3*p**2 - 1 + p**2 - 3*p + f*p. Calculate o(-1).
-3
Let u(o) = o + 1. Suppose 56 = -5*s + 12*s. What is u(s)?
9
Let w(a) be the second derivative of -a**5/20 - 7*a**4/12 - a**3/6 + 2*a**2 + 31*a. Calculate w(-6).
-26
Let c(u) = -u**2 + u + 3. Let i be c(0). Let k = -5 - -8. Let a(q) = 0 + k*q - 4 + 0. Determine a(i).
5
Let y(q) = -2*q**3 + 2*q**2 - 9*q - 2. Let v(b) = b**3 + b**2 + b - 1. Let d(x) = -3*v(x) - y(x). Determine d(-6).
5
Let q(a) = -4*a**3 - a**2 - a - 2. Let y(j) = j**3 + j**2 + j + 1. Let o(w) = q(w) + 5*y(w). Determine o(-2).
3
Let u(j) be the second derivative of -j**4/6 + j**3/6 + 3*j**2/2 + 5*j. Let p(l) be the first derivative of u(l). Determine p(2).
-7
Let h(d) be the second derivative of d**3/2 + d**2 + 11*d. What is h(-2)?
-4
Let t(i) = i**2 + 6*i + 1. Let a be t(-3). Let q(h) = -h**3 - 7*h**2 + 8*h + 8. What is q(a)?
8
Let b(l) be the second derivative of l**5/20 + l**4/2 + l**3 + l**2 + l. Suppose -4*c + 25 = -5*m, -5*m = -6*m + 4*c - 5. What is b(m)?
-3
Suppose -4*l + 8 = -z - 9*l, -3*z - l = -4. Let v(s) = s**2 - 2*s + 3. What is v(z)?
3
Let p(h) be the first derivative of -h**2/2 - 7*h + 12. Give p(-6).
-1
Let i(u) = 4*u - 3. Let s be i(2). Suppose 3*z = -3*t + 6, z + 5*t - 8 = -3*z. Let b(f) = f**2 - 5 + 0*f**2 - z*f + 0*f**2. Determine b(s).
10
Let s(t) = -t + 3. Suppose 2*b + 12 = -b. Calculate s(b).
7
Suppose 5*m + 0*m + 16 = 3*t, m + 3*t = 4. Let i be m/(-1)*2/4. Let z(a) = -6 - 2*a + i - a. What is z(-4)?
7
Let s(t) be the second derivative of 1/6*t**3 + 1/20*t**5 - 3/2*t**2 + 0*t**4 + 4*t + 0. What is s(0)?
-3
Let k(l) = -19*l + 8. Let v(c) = 13*c - 5. Let t(u) = 5*k(u) + 7*v(u). Give t(5).
-15
Let a(g) = -3*g**2 + 1. Let s = -112 + 113. Give a(s).
-2
Let x be ((-8)/3)/((-2)/3). Let a = x - 0. Let p(f) = f**2 - 2*f - 5. What is p(a)?
3
Let l(y) be the first derivative of y**4/12 - 7*y**3/6 + 7*y + 2. Let j(h) be the first derivative of l(h). Calculate j(5).
-10
Let w be 7 - 3 - (7 - 1). Let d(n) = n**3 + 3*n**2 + 2*n + 1. Calculate d(w).
1
Let f(u) be the first derivative of -u**2 - 7*u + 6. Determine f(-6).
5
Let i(a) = a**3 - 4*a**2 + 3*a + 4. Let j be i(3). Let k(w) = -3*w + 5. Determine k(j).
-7
Let i(q) = -q**3 - 3*q**2 - 2*q - 3. Suppose 6*n + 32 - 8 = 0. Calculate i(n).
21
Let w(p) be the second derivative of p**4/12 + p**3/2 - 3*p**2/2 + 16*p. Determine w(-4).
1
Let v(l) = -5*l**2 - 11*l - 24. Let x(k) = k**2 + 3*k + 6. Let m(c) = 2*v(c) + 9*x(c). What is m(6)?
0
Let h(o) be the second derivative of o**3/6 + o**2 - 13*o. Determine h(-6).
-4
Let k(h) be the third derivative of h**5/120 + 11*h**4/24 - h**3 + 3*h**2. Let i(g) be the first derivative of k(g). Determine i(0).
11
Let t(p) = -p**2 - 5*p + 8. Let w be -39 + 33 - -1*(-1 + 0). Determine t(w).
-6
Suppose 2*m - m = 3*u - 4, 0 = -4*u. Let z = 8 + m. Let g(x) = -6*x**2 - x**2 + 2*x**2 + 4*x**3 + 5 + 2*x - 3*x**3. Determine g(z).
-3
Let i be 2 + -2 - (-1 - -8). Let w = 5 + i. Let x(t) = -5*t + 2. What is x(w)?
12
Let i(n) be the third derivative of n**8/20160 - n**7/1008 - n**6/120 - n**5/15 - 3*n**2. Let b(m) be the third derivative of i(m). What is b(6)?
0
Let m(a) be the third derivative of 0 + 0*a - 4*a**2 - 1/12*a**4 + 1/3*a**3. Give m(5).
-8
Let u(c) be the third derivative of -c**6/20 + c**5/60 + c**4/24 + c**3/6 - 33*c**2. Suppose -2*g + 3*z = -0*g - 10, 0 = 4*g - z. What is u(g)?
7
Suppose 2 = 2*j - 2*s, 32 = 4*j + 2*s + s. Let h(i) = -3*i + 1. Give h(j).
-14
Let b(c) = 7 - 2*c + 0*c - 12*c**2 - 2*c + 11*c**2. Determine b(-6).
-5
Suppose 0 = -0*p + 2*p - 2. Let k be 2 - 1 - 1/p. Let i(o) = k*o - o - 5 + 1. Give i(-4).
0
Let l(t) = 14*t**3 + 21*t**2 - 38*t + 38. Let c(h) = 5*h**3 + 7*h**2 - 13*h + 13. Let b(x) = -17*c(x) + 6*l(x). Calculate b(6).
1
Suppose 10*n = -3*n - 39. Let w(m) be the third derivative of -m**5/60 - m**4/24 + 2*m**3/3 + m**2. Calculate w(n).
-2
Let o(l) = l**3 + 6*l**2 + 6*l + 1. Suppose 2*h + 7 = 5*r - 24, 3*r - 11 = 5*h. Suppose 12 = 4*t - r*t. Calculate o(t).
9
Let z(j) = j**3 + 5*j**2 + 2*j + 7. Let d(m) = 3*m**3 + 14*m**2 + 7*m + 21. Let c(q) = -2*d(q) + 7*z(q). Calculate c(-7).
7
Let o(f) be the third derivative of f**5/60 - 5*f**4/24 - f**3/6 + 2*f**2. Let h(q) = q - 3. Let j be h(8). Calculate o(j).
-1
Let m(w) = -w**2 + 2*w - 4. Suppose -24 + 27 = y. Give m(y).
-7
Let z(x) = -3*x**2 - 11*x - 9. Let l(g) = -g**2 - 5*g - 5. Let v(y) = 5*l(y) - 2*z(y). What is v(5)?
3
Suppose 3*z - 5*w - 20 = 0, 5*z + 4*w = 3*w - 4. Let s(q) = q**3 - 4. Let t be s(z). Let g(a) be the third derivative of -a**4/24 + 19*a**2. Determine g(t).
4
Suppose -4*d + 7 + 1 = 0. Let w(r) = -2 + d - 6 + r**2. Let q be (-4 + 6 + -2)*2/(-4). Determine w(q).
-6
Let l(n) = -7*n**3 - 13*n**2 - 4*n - 13. Let p(z) = 3*z**3 + 6*z**2 + 2*z + 6. Let a(r) = -4*l(r) - 9*p(r). Calculate a(3).
1
Suppose 0 = 3*d - 4*s + 2 - 3, 3*d - 7 = s. Let a(y) = -3*y + 4. Calculate a(d).
-5
Let v = 6 - 2. Let d(x) = -x**3 + 4 - 5*x**2 + x**3 + x**3 + v*x. Let j = -11 - -15. Calculate d(j).
4
Let u(z) = 14*z + 1. Suppose 0 = 28*i - 33*i - 5. Give u(i).
-13
Let h(t) = t + 1. Let w be ((-1)/(-2))/(1/4). Suppose -3*x = w*x - 10. Give h(x).
3
Let g(k) = 5 - 2 - 227*k**3 + 226*k**3 + k + 3*k**2. Determine g(3).
6
Let t(g) be the third derivative of g**6/60 + g**5/30 - g**4/12 + 7*g**2. Calculate t(-2).
-4
Let p = -34 - -35. Let m(x) = -5*x**2 - x + 1. Give m(p).
-5
Let r(g) = -15*g**3 - 6*g - 10. Let o(b) = -5*b**3 - 2*b - 3. Let p(h) = 7*o(h) - 2*r(h). Let w = 742 + -743. What is p(w)?
6
Let q(c) = c**3 + c**2 + 2*c + 4. Let r(b) = b**2 + b. Let p(v) = -q(v) + 4*r(v). Suppose 2*x - 2 = 0, 2*m = -3*m + 3*x + 17. Calculate p(m).
-12
Let h(s) = -s - 1. Suppose 8*p - 5*p - 3 = 0. What is h(p)?
-2
Let w(a) be the third derivative of -a**4/24 - a**3/6 - a**2. Let z be w(-3). Let y(c) = -c - 3*c**2 + 7*c**2 - 3*c**z - 1. Calculate y(3).
5
Let b(t) = 3*t + 14. Suppose -3*q = -2*q + 5. Let u(f) = -f - 1. Let h(j) = q*u(j) - b(j). Determine h(6).
3
Let n(i) be the first derivative of 4/3*i**3 + 0*i**2 - 1/360*i**6 + 1/40*i**5 - 1 + 0*i + 1/12*i**4. Let r(f) be the third derivative of n(f). Determine r(3).
2
Suppose l - 2 = 5*d, -2*l + 13 = -5*d + 14. Let q(m) = m**3 + m**2 + 2*m + 1. Calculate q(d).
-1
Let w be 1*(1 + 0 + -1). Suppose w = 2*m + 3 + 7. Let t(b) = -b**2 - 5*b + 4. Determine t(m).
4
Let h(z) = -z**3 - 5*z**2 - 2. Suppose 30 = -4*r - 4*b - b, 2*r + 12 = -b. Determine h(r).
-2
Let k = 0 - -12. Suppose -s + 4*v + k = 0, s - 3*v - 3 = 4. Let c = -4 - s. Let a(d) = d + 2. What is a(c)?
6
Let g = -39 + 40. Let a(o) = 11*o. Give a(g).
11
Let g(s) be the second derivative of -s**5/20 + s**4/12 + s**3/3 - s**2/2 - 3*s. Let b be g(1). Let x(r) = -r**3 + r**2 - r. Determine x(b).
-1
Let f(u) = u + 16. Let d be f(-12). Let t(m) = -4*m**3 - d - m**2 + 5 - m**2. What is t(1)?
-5
Let g be 1/(-3) - (-56)/24. Let r(i) = -i**2 - i + 0*i**2 + 0*i**g + 3 + 2*i. Give r(4).
-9
Suppose 2*v = -2*v - 20. Let j(r) = -r**2 - 5*r - 2. What is j(v)?
-2
Let s be 6*(-4)/6*1. Let u(w) = 2*w - 3*w**2 - 4*w - w**3 + 5*w. Give u(s).
4
Let s(a) be the first derivative of a**3/3 - 5*a**2/2 - a - 10. What is s(6)?
5
Let b(i) = i**3 + i**2 - 1. Let f(c) = c**3 + 3*c**2 + 4*c + 3. Let n be f(-2). Let g be (1 - 0)*(n + 2). Determine b(g).
1
Let j(k) be the second derivative of k**3/3 + 2*k. What is j(-1)?
-2
Let c(y) = 4*y**2 + 5*y + 3. Let h be c(-3). Suppose -3*s + h = s. Let a(n) = -n**3 + 6*n**2 - 2*n + 9. Calculate a(s).
-3
Let t(w) be the second derivative of -w**5/20 + w**4/4 + w**3/3 + 3*w**2/2 - 5*w. Determine t(4).
-5
Let i(z) = -2*z**3 + 3*z**2 + z. Let r(m) = -6*m**3 + 8*m**2 + 3*m. Let x(h) = 11*i(h) - 4*r(h). Calculate x(1).
2
Let g be 42/10 - 5/25. Suppose -a - 1 = m, -15 = -g*m + 4*a + 13. Let d(t) = -m*t + 2*t - t + 3*t + 2. Calculate d(-4).
-2
Let h(l) = -2*l + 2. Let t(m) = -m - 11. Let d(b) = 2*b + 21. Let y(i) = -3*d(i) - 5*t(i). Let g be y(-7). Let j(f) = -2*f + 1. Let v be j(g). Determine h(v).
-4
Let x(l) = -6 + l + 4 + 0. Let u be 1/((12/9)/(-4)). Let g b